t x(g) be the first derivative of g**4/2 - g**3 + 3*g**2/2 - g - 3. Let h be x(3). What is the greatest common divisor of h and 14?
7
Let k be (-2960)/(-55) + (-2)/(-11). What is the highest common factor of k and 6?
6
Let h(q) = -q + 55. Let r be h(0). Suppose 16 = 4*x - 4. What is the highest common divisor of r and x?
5
Let m be (-29)/(-3) - 3/(-9). What is the highest common divisor of 110 and m?
10
Let v be 2/9 + 530/45. Let k = -173 + 257. What is the greatest common factor of k and v?
12
Let j = 24 + 53. Calculate the greatest common factor of j and 11.
11
Let y be ((-5)/(-2))/((0 - 1)/(-26)). What is the greatest common divisor of 5 and y?
5
Suppose 10*b - 5*b = -3*w + 19, -5*b = -w - 7. Calculate the highest common factor of 4 and b.
2
Let g be (3/(-6))/(1/(-478)). Let h = 349 - g. What is the highest common factor of 10 and h?
10
Let c = -5 - -5. Suppose c = 4*b - 20, 5*b - 2 - 8 = 5*g. Suppose -268 + 28 = -g*a. What is the greatest common factor of 20 and a?
20
Suppose -2*n = -4*n - 5*l + 13, -4*n + 41 = -5*l. Calculate the highest common divisor of n and 9.
9
Let k(y) = y**2 - 2*y + 3. Let h = -1 - -3. Let i be k(h). Let x(f) = -9*f + 102. Let o be x(11). Calculate the highest common divisor of o and i.
3
Let z = 21 - 13. Suppose 3*s = 13 + z. Suppose -36 - 27 = -3*l. Calculate the highest common factor of l and s.
7
Let h be (-10)/(-4)*16/20. Suppose -h*q = -4*q - 128. Let i be 1 - 1/(1/q). What is the highest common factor of i and 26?
13
Let c be -5 + 2 + 6 + 2. Suppose -42 = -2*p + c*l, 5*p - 3*l - 88 = l. Calculate the greatest common factor of p and 16.
16
Let b(a) = a**2 - 8*a - 2. Let q be b(8). Let z be q/(((-7)/(-4))/(-7)). What is the greatest common divisor of 80 and z?
8
Let j(u) = -24*u + 149. Let y be j(6). Suppose 2*w = 2*v + 74, 4*w - 2*v - 151 = v. What is the highest common factor of y and w?
5
Let q = -20 + 5. Let l be (-6)/q + (-954)/(-15). Calculate the highest common factor of l and 160.
32
Let i(l) = -l**3 - 3*l**2 + 6*l + 5. Let b be i(-4). Let h be (-9)/(-2) + 1/(-2). Let o = h + b. Calculate the highest common factor of 1 and o.
1
Let p = 29 - 27. What is the greatest common factor of 36 and p?
2
Suppose -64 = -3*i - k, 0*k - 61 = -2*i + 3*k. Calculate the highest common divisor of 161 and i.
23
Let c(z) = -2*z + 9 + 4*z - 4*z + 3*z. Let p be c(0). Calculate the greatest common divisor of p and 45.
9
Let y be 6*(0 + 4/12). Suppose y*a - 3*a - 19 = -5*u, 5*u - 35 = 5*a. Calculate the highest common factor of 33 and u.
3
Suppose -32 = -2*i + 4*r, 1 = -2*i - 2*r + 9. Calculate the highest common factor of 64 and i.
8
Let r(c) = -3*c**3 - 8*c**2 - 13*c + 3. Let i be r(-4). What is the greatest common divisor of i and 17?
17
Suppose -3*k = -13 + 82. Let j = k - -35. What is the highest common divisor of 30 and j?
6
Let m(n) = -3*n**3 - 2*n**2 - 5*n - 1. Let l be m(-2). Calculate the highest common divisor of 325 and l.
25
Let a be ((-12)/14)/(5/(-70)). Let z = -1 - -19. What is the greatest common divisor of z and a?
6
Let q(o) = o**3 - o**2 - 3*o + 2. Let r be q(4). What is the greatest common factor of 38 and r?
38
Let k(m) = -1 + 1 - 55*m**3 + m. Let w be k(-1). What is the highest common divisor of 81 and w?
27
Let u be (1 - 2)/(3 - 3830/1275). Calculate the greatest common divisor of u and 17.
17
Let x(y) be the third derivative of -y**4/4 - y**3/6 + 3*y**2. Let u be x(-2). Suppose -82 - 6 = -a. What is the highest common divisor of u and a?
11
Let t(f) = 7*f**2 + 14*f + 3. Let r be t(-5). What is the greatest common divisor of 12 and r?
12
Let b be ((-4)/6)/(1/213). Let r = -79 - b. Calculate the highest common divisor of 7 and r.
7
Suppose -3*h + 16 + 8 = 0. Suppose 2*i + h = 6*i. What is the greatest common divisor of 4 and i?
2
Suppose 3*l = -3*q + 228, -4*q + 2*q - 328 = -4*l. What is the highest common divisor of 16 and l?
16
Suppose 2*p - 125 = -3*p. Calculate the greatest common divisor of 75 and p.
25
Suppose y = 5*o - 47, -3*o - 2*y + 26 = -o. Suppose -w + 4*w = 3*d + 6, w = -2*d - o. Let c be 1/d - (-113)/4. What is the highest common divisor of c and 4?
4
Suppose 4*p - 93 - 3 = 0. What is the greatest common factor of 36 and p?
12
Suppose -4*u + 0*u - 18 = -c, -5*c - 5*u = -115. Calculate the greatest common factor of 55 and c.
11
Let o = -9 - -7. Let h be (o/3)/(2/(-96)). What is the highest common factor of h and 8?
8
Let t = 25 + -72. Let h = 373 - 246. Let l = t + h. What is the highest common divisor of l and 10?
10
Let v = -7 - -17. Let n = v + -7. Suppose -5*f + 213 = -3*d - 227, -n*d = -3*f + 258. What is the greatest common divisor of f and 13?
13
Let s(l) = -13*l - 16. Let u be s(-4). What is the greatest common divisor of 36 and u?
36
Suppose -5*t = -5*n - 40, -17 + 7 = -2*n. Suppose -2*u - 5*w + 7 = 0, 0*u + 2*u - w - t = 0. Let o = -29 - -53. Calculate the highest common factor of u and o.
6
Let x be (8/(-10))/(6/(-30)). Let a = x - -2. Suppose -2*p = p - a. What is the greatest common divisor of p and 4?
2
Suppose 238 = -7*t + 9*t. Let f = t + -64. What is the highest common factor of f and 22?
11
Suppose -4*z - t = -63, 0 = 4*t + 2 - 14. Calculate the highest common factor of 60 and z.
15
Suppose -4*b + 3*t + 323 = 9, -4*t + 408 = 5*b. Calculate the greatest common factor of 32 and b.
16
Let r(v) = -v**2 - 8*v - 2. Let w be r(-7). Suppose -z - 5 - 24 = -3*c, -3*z - 51 = -w*c. What is the highest common divisor of c and 36?
9
Let j = 24 - 10. Let d = 29 - -6. What is the greatest common divisor of j and d?
7
Let n be -4*1/(-6)*9. What is the greatest common divisor of n and 6?
6
Let f(d) = -d - 1. Let q be f(-6). Suppose 3 = -q*r + 28. Calculate the highest common divisor of r and 55.
5
Suppose 5*h - 17 = -5*w + 8, 0 = 4*w - 5*h - 47. Calculate the highest common divisor of w and 24.
8
Let b = 16 - 9. Suppose a + 2*v - 160 = 0, 301 = 4*a + 2*v - 345. Suppose a = 4*x - 34. What is the greatest common factor of x and b?
7
Let b = 120 - 12. Calculate the highest common divisor of 12 and b.
12
Let c = -8 + 3. Let z(o) = -o**3 - 6*o**2 + 8*o - 5. Let w be z(-7). Let y be (-30)/w*(-4)/c. Calculate the greatest common divisor of y and 4.
2
Suppose 464 = -0*z + 8*z. Calculate the greatest common factor of z and 87.
29
Let l = -14 - -24. Suppose -3*w = -4*j - 43, -3*w + j = -21 - l. Let r = 63 + -45. Calculate the highest common factor of r and w.
9
Let r be (5 - 0)*3*1. Let l be 99/r - 2/(-5). Let h = 43 - 22. Calculate the highest common factor of h and l.
7
Let i = -42 - -60. Calculate the highest common divisor of i and 18.
18
Let j = 3 + 2. Let b be -1 - -1 - 2 - j. Let y = 31 + b. Calculate the highest common divisor of 3 and y.
3
Let w(d) = -d**3 + 9*d**2 - 6*d - 9. Let y be w(8). Calculate the greatest common factor of y and 63.
7
Let x be (0 - (-6)/4)*6. Let g = 177 + -96. Calculate the greatest common divisor of g and x.
9
Suppose 2*i - 4 = i. Suppose r - 4*l = 4, -l + 3*l = -4*r + 70. What is the greatest common divisor of i and r?
4
Let c be -4 - (-11 + -1 + 1). Calculate the greatest common factor of c and 63.
7
Let x be (-1)/(-2) - (-25)/(-10). Let g be x + (-10)/(-4)*2. What is the greatest common factor of 27 and g?
3
Suppose 3*w = -4*m + 975, 0 = -3*m - 5*w + 598 + 147. Calculate the greatest common factor of 15 and m.
15
Let h(p) = p**3 - 7*p**2 + 8*p - 1. Let b be h(6). What is the greatest common factor of 77 and b?
11
Let f be ((84 - 0)/2)/1. Let v be (f/5)/(4/20). Suppose c - 4*c + v = 0. Calculate the highest common divisor of c and 7.
7
Let r(g) = 2*g**3 - g**2 + 2. Let d be 1/4 - (-42)/24. Let p be r(d). What is the greatest common factor of p and 28?
14
Let g = -131 - -219. Suppose 3*i + 0*k - 16 = 2*k, 4*i = 5*k + 12. Calculate the greatest common factor of g and i.
8
Let k be 508/6 + 4/(-6). Let j = -12 + 24. Calculate the greatest common factor of j and k.
12
Suppose -5*j = -2*m - 5, 0 = 3*m + m + 2*j - 2. Suppose 5*z - 2*g - 6 = m, 0 = 3*z + 2*z + 4*g - 18. Calculate the highest common factor of 16 and z.
2
Let x be (-2)/(-4) + (-167)/(-2). Let a be 1*-5*(-8)/5. Let n be a/4 - (-9 - 1). What is the greatest common divisor of n and x?
12
Let w(j) = j**3 - 6*j**2 - 4*j - 19. Let i be w(7). Calculate the greatest common divisor of i and 16.
2
Let a = -194 -